mainder when v is divided by (y + 1)/(9/(-6)).
11
Let t(b) be the second derivative of b**5/10 - b**4/6 + b**3/6 + b**2 - 16*b. Suppose -2*c - 3 + 7 = 0. What is the remainder when 34 is divided by t(c)?
10
Suppose 5*j - 3*j - 8 = 0. Suppose -2 + 14 = j*h. Suppose 0 = -4*m - m + 5*n + 35, -4 = -4*n. Calculate the remainder when m is divided by h.
2
Let l(i) = -i**3 + 5*i**2 - i - 5. Let m be l(4). Suppose -2*h = -7 - m. Suppose 4*n = 9*n - 100. What is the remainder when n is divided by h?
6
Calculate the remainder when 14/8*(-2 + 6) is divided by 4/(-6) + (-42)/(-9).
3
Suppose 3*m = -i + 18, -4 = -i + 3*i - 2*m. Suppose 10 + 14 = 3*b. Suppose -b = -i*p + p. What is the remainder when p is divided by 2?
0
Let w(h) = h**3 - h**2 + h - 3. Let d be w(3). Suppose m = -3 + d. Calculate the remainder when 42 is divided by m.
12
Let o(v) = v**2 + 2. Let f(q) = q - 3. Let g be f(0). What is the remainder when o(g) is divided by 6?
5
Let b = 5 - 3. Let u = b + 1. Calculate the remainder when 4 is divided by u.
1
Let m(f) = -f - 7. Let o be m(-9). Suppose 16 = 3*h + k + 6, -o*h + 2*k = 4. What is the remainder when 0/4 + (h - -29) is divided by 11?
9
Let m(f) = -7*f - 15. Let w be m(-9). What is the remainder when 3/(4 + (-188)/w) is divided by 13?
10
Let j(l) = -l**3 - 4*l**2 - 5*l + 2. Let f be 50 + (-7)/((-14)/8). Suppose 2*p = 5*p - f. What is the remainder when j(-5) is divided by p?
16
Let b(k) = k**3 - 3*k**2 + 10*k - 9. What is the remainder when b(4) is divided by 16?
15
Suppose 39 = 2*k - 9. Suppose 4*a - 8*a = 2*m - k, -2*m + 2*a = 0. Calculate the remainder when 3 is divided by (-27)/(-12) - 1/m.
1
Suppose -90 = 2*t + t. What is the remainder when 7 is divided by (t/(-25))/(4/10)?
1
Suppose -3*x + 0*x = -231. Calculate the remainder when x is divided by 16.
13
Suppose 3*v + 3 = 5*y, -v + 0*y - 8 = -4*y. Suppose -21 - 27 = -v*a. Calculate the remainder when 21 is divided by a.
9
Let f = -17 - -30. What is the remainder when 51 is divided by f?
12
Let h = -14 + 53. Calculate the remainder when h is divided by 3*(-5)/((-30)/28).
11
Let h(f) = -f**2 + 4*f. Let m be (-28)/7 - (-2 + -24). Suppose 0*b - 3*u = 2*b - 19, 4*u = -b + m. Calculate the remainder when h(3) is divided by b.
1
Suppose -j + 31 = 28. Let w(n) = n**3 - 3*n**2 + 4. Calculate the remainder when w(3) is divided by j.
1
Let l = -8 + 1. Calculate the remainder when 29 is divided by -10*(2 - l/(-2)).
14
Let q(m) = -m**2 - 11*m + 16. Let s(d) = d**3 - 10*d**2 - 2*d + 9. Let z be s(10). Suppose 2*c - 34 - 60 = 0. What is the remainder when c is divided by q(z)?
15
Suppose -55 = h - 6*h. Let v(s) = 5*s**2 - s - 2. Let i be v(2). Suppose g - i = -3*g. Calculate the remainder when h is divided by g.
3
Suppose -2*c + 5*j = -3*c + 34, c - 2*j = 6. What is the remainder when 37 is divided by c?
9
Let n be -3*3*(-26)/(-39). Calculate the remainder when 22*(-4 - n) + 1 is divided by 24.
21
Suppose 9*r - 5*r = 16. Suppose 4*u + 21 = 3*x + 74, 5*x = -r*u + 29. Calculate the remainder when 20 is divided by u.
9
Let o = 5 + -5. Suppose r - 4*r - 15 = 0, o = 3*d - 5*r - 34. Suppose -15 = -2*f + 7. Calculate the remainder when f is divided by d.
2
Let l = -15 - -93. Calculate the remainder when l is divided by 27.
24
Let z(l) = -l**3 + 10*l**2 + l - 6. What is the remainder when z(10) is divided by 1?
0
Let f = 26 + 4. Calculate the remainder when f is divided by (4/(-1))/1*-4.
14
Let d = 37 + -53. Suppose 2*w - 61 = m, 0*m + 155 = 5*w - 3*m. Let i = w + d. What is the remainder when 34 is divided by i?
10
Suppose 5*u - 135 = 4*c, -5*c + 8*c + 61 = 2*u. Calculate the remainder when u is divided by 9.
5
Let s be (-107)/3 + 3/(-9). Let t = s - -52. What is the remainder when 62 is divided by t?
14
Let o be (4/(-1))/((-3)/6). Let p = o + 3. Suppose 5*c = 5*b, -31 = -3*b - 5*c + 1. Calculate the remainder when p is divided by b.
3
Suppose 4*c = 22 + 2. Let u be (-4)/(1/((-14)/2)). Let h = 39 - u. Calculate the remainder when h is divided by c.
5
Let w = 33 - 8. Calculate the remainder when 99 is divided by w.
24
Let d = 33 + -18. Calculate the remainder when d is divided by 2/(-6) + (-38)/(-6).
3
Let g(o) = -o**2 + 14*o - 15. Let f be -16*(0 + -2*1). Suppose -2*y = -10, 0*y + f = 3*q + y. Calculate the remainder when g(10) is divided by q.
7
Suppose 3*d - 6*d + 33 = 2*k, 0 = -4*d - 3*k + 45. Calculate the remainder when d is divided by 2.
1
Suppose -5*v + 2*q = -388, -2*v + 6*q - 3*q + 164 = 0. Suppose -2*l - 2*w - v = -7*l, l - 4*w = 8. What is the remainder when 29 is divided by l?
13
Let j(i) = -i + 20. Calculate the remainder when 50 is divided by j(6).
8
Suppose 3*j = -4*p - 8 + 1, -j + 4*p + 19 = 0. Suppose 0 = 4*s - 3*u - 14 - 73, -j*u = s - 18. Calculate the remainder when 41 is divided by s.
20
Let x = -2 - -4. Suppose 5*v = -3*c + 164, -2*c + 3*c = -x*v + 66. Calculate the remainder when v is divided by 9.
7
Let w be 0 + 1 - (3 - 1). Suppose o = -5*c + 14, -8*o = -4*c - 4*o - 8. Calculate the remainder when 20 is divided by 11*c/((-2)/w).
9
Let g(m) = m**2 + 4*m - 4 + 1 - 5*m. What is the remainder when (8/20)/(2/130) is divided by g(4)?
8
Let z(l) = 3*l**2 + 3*l - 4. Let v be z(-5). Let p = 79 - v. Calculate the remainder when p is divided by 13.
10
Let h = 17 - 15. What is the remainder when 364/8 - h/4 is divided by 16?
13
Suppose -2*i + 0*f = 2*f - 28, 3*i - 24 = 3*f. What is the remainder when i is divided by 7?
4
Let m = -15 + 31. What is the remainder when 62 is divided by m?
14
Calculate the remainder when (-272)/(-6) - 2/(-3) is divided by ((-4)/2)/(3/(-24)).
14
Let d(k) = 2*k**2 - 5*k - 2. Let q be d(-3). Suppose 2*b = 19 + q. What is the remainder when b is divided by 14?
11
Let q = 37 - 32. Suppose u + u - 30 = 0. Suppose u = 2*i + 4*f - 11, 3*f = -4*i + 52. Calculate the remainder when i is divided by q.
3
Suppose -6 = -3*z, 3*w + 2*z = z + 20. Suppose -w*s + 11*s = 355. Calculate the remainder when s is divided by 18.
17
Let n(c) = 2*c**2 + c - 3. Let u = 8 + 1. What is the remainder when n(-4) is divided by u?
7
Suppose -3*m + 5 + 7 = 0. Let h = -4 + 6. Let x = m - h. What is the remainder when x is divided by 2?
0
Suppose -8*w + 3*w + 270 = 0. What is the remainder when w is divided by 19?
16
Let b(h) = h**3 - h**2 - h - 7. What is the remainder when ((-9)/3)/((-3)/29) is divided by b(3)?
5
Suppose 0 = -2*g, 0*g - 5*g = -5*z + 350. Let t = z - 31. Suppose -x - 2*o = x - 34, 4*x + o - 77 = 0. Calculate the remainder when t is divided by x.
19
Let f be (0 - 2 - -2)/2. Suppose -2*u + u = f. Suppose u = v - 5*i + 4, -i + 3 = 0. Calculate the remainder when 31 is divided by v.
9
Let v = 31 - 53. Let u = v - -46. Let k = 40 - u. What is the remainder when k is divided by 9?
7
Let z(k) = -k**2 - 11*k + 11. Let c be z(-8). Let b = c + -19. Calculate the remainder when 62 is divided by b.
14
Let v(u) = -2*u**3 - 5*u**2 - 3*u - 2. Suppose f - 3*f + 4 = 0. Suppose 3*w = f*w - 3. What is the remainder when v(w) is divided by 6?
4
Let o = 2 + 0. Let q be -2*o/(-4) + -3. What is the remainder when 4 is divided by ((-10)/(-25))/(q/(-10))?
0
Let i(v) = v**3 + 5*v**2 - 3*v. Suppose -2*s + 8 = 18. What is the remainder when i(s) is divided by 4?
3
Let g(a) = a**2 + a + 17. Let d be g(0). Let u = d + -1. What is the remainder when u is divided by 9?
7
Suppose -2*n + 152 = 2*n. What is the remainder when 74 is divided by n?
36
Let b = -71 - -106. Calculate the remainder when b is divided by 12.
11
Let w = -51 + 28. Let t = 37 + w. Calculate the remainder when 26 is divided by t.
12
Suppose 3*d + 8 = 2*u - 44, 4*u = -5*d + 126. Suppose -6*h = -u + 5. Calculate the remainder when 15 is divided by h.
3
Let m(b) = -5*b - 1. Suppose 4*h - 14 = 2*x, 0 = -4*h + 12 - 0. Calculate the remainder when 11 is divided by m(x).
3
Let q(y) = y**3 - 3*y**2 + 2*y + 3. Let d = 0 - -3. Let t be q(d). Let k = 13 - t. Calculate the remainder when k is divided by 3.
1
What is the remainder when (3 + 1 - -1)/((-1)/(-5)) is divided by 15?
10
Let i be ((-2)/4)/(1/16). Let p = i + 14. What is the remainder when 11 is divided by p?
5
Let r = 1 + -1. What is the remainder when 59 is divided by 30/12*(8 - r)?
19
Suppose -21 + 3 = -3*i. What is the remainder when (-4)/(-6) - (-256)/12 is divided by i?
4
Let p = 20 + -10. 